{"id":572,"date":"2019-06-27T15:16:40","date_gmt":"2019-06-27T13:16:40","guid":{"rendered":"http:\/\/localhost\/wordpress\/?page_id=572"},"modified":"2022-12-18T17:10:56","modified_gmt":"2022-12-18T16:10:56","slug":"formations","status":"publish","type":"page","link":"https:\/\/www-l2ti.univ-paris13.fr\/~mokraoui\/teaching\/formations\/","title":{"rendered":"Formations"},"content":{"rendered":"<p><!--StartFragment--><\/p>\n\n\n<h3><strong>Universit\u00e9 Paris 13 \u2013 Institut Galil\u00e9e <\/strong><\/h3>\n\n\n\n<h4><strong>Formation<\/strong>s en Licence, Master et Ing\u00e9nieur<\/h4>\n\n\n\n<ul><li>Ing\u00e9nieurs en instrumentations, deuxi\u00e8me et troisi\u00e8me ann\u00e9e<\/li><li>Master Ing\u00e9nierie et Innovation en Images et R\u00e9seaux (3IR),  premi\u00e8re et  deuxi\u00e8me ann\u00e9e <\/li><li>Licence2 Math\/Info de l\u2019institut-Galil\u00e9e&nbsp; <\/li><li> Formation continue Institut de Recherche et de D\u00e9veloppement (IRD) <\/li><li> Ing\u00e9nieurs en Apprentissage Informatique et R\u00e9seaux, deuxi\u00e8me  ann\u00e9e <\/li><li> Ing\u00e9nieurs T\u00e9l\u00e9coms et r\u00e9seaux premi\u00e8re, deuxi\u00e8me  et troisi\u00e8me ann\u00e9e <\/li><li> Master Recherche Signal, T\u00e9l\u00e9communications, Image, R\u00e9seaux et Multim\u00e9dia (STIRM) <\/li><li> Master Image et R\u00e9seaux (IR), premi\u00e8re et  deuxi\u00e8me ann\u00e9e <\/li><li> DESS Applications Internet et Multim\u00e9dia (AIM) <\/li><li> Ma\u00eetrise de physique  <\/li><li> Ma\u00eetrise Electronique, Electrotechnique et Automatique (EEA) <\/li><li> Premi\u00e8re et deuxi\u00e8me  ann\u00e9e Licence d\u2019Ing\u00e9nierie Electrique (LIE)  <\/li><li>DEUG STPI\/TI\/SM\/MIAS<\/li><\/ul>\n\n\n\n<h4><strong>Mati\u00e8res mont\u00e9es, actualis\u00e9es et enseign\u00e9es<\/strong><\/h4>\n\n\n\n<ul><li>Projet de d\u00e9couverte en images et r\u00e9seaux<\/li><li>Apprentissage statistique pour le diagnostic<\/li><li>Traitement d'images m\u00e9dicales<\/li><li> Codage et transmission de contenus multim\u00e9dia<\/li><li>Codes d\u00e9tecteurs et correcteurs d'erreurs<\/li><li>M\u00e9thodes d\u2019estimation de donn\u00e9es<\/li><li>Codage de la parole<\/li><li>Traitement statistique du signal <\/li><li>Projet TSS <\/li><li> Mobilit\u00e9 internationale  <\/li><li>Codes d\u00e9tecteurs et correcteurs d'erreurs (CM\/TP\/TD) \u00a0<\/li><li>Compression d\u2019images (CM\/TP) <\/li><li>Traitement et analyse d'images (CM\/TD\/TP) <\/li><li>Codage de la parole (CM\/TP)<\/li><li>Dimensionnement d\u2019un r\u00e9seau cellulaire (TP) <\/li><li>Radiocommunications avec les mobiles par DECT (TP) <\/li><li>Normes, recommandations et standards (CM) <\/li><li>Traitement statistique du signal (CM\/TP\/TD) <\/li><li>Traitement du signal d\u00e9terministe (CM\/TD) <\/li><li>Communications num\u00e9riques (CM\/TP\/TD) <\/li><li>Communications analogiques (CM\/TP\/TD) <\/li><li>Son et images (CM\/TP) <\/li><li>Automatique non-lin\u00e9aire (TP) <\/li><li>Automatique lin\u00e9aire (TP)<\/li><\/ul>\n\n\n\n<h4><strong>Mati\u00e8res enseign\u00e9es <\/strong><\/h4>\n\n\n\n<ul><li>Automatique lin\u00e9aire (TP) <\/li><li>Automatique non-lin\u00e9aire (TP) <\/li><li>Electronique analogique et num\u00e9rique (TP)<\/li><li>Traitement num\u00e9rique du signal (TP)<\/li><li>Traitement des signaux al\u00e9atoires (TD)<\/li><li>Processeurs DSP (TP<strong>)<\/strong><\/li><\/ul>\n\n\n\n<h3><strong>USTH (Hanoi, Vietnam)<\/strong><\/h3>\n\n\n\n<h4><strong>Formation&nbsp;en Master <\/strong><\/h4>\n\n\n\n<ul><li>Master ICT (premi\u00e8re ann\u00e9e)<\/li><\/ul>\n\n\n\n<h4><strong>Mati\u00e8res mont\u00e9es, actualis\u00e9es et enseign\u00e9es<\/strong><\/h4>\n\n\n\n<ul><li>Representation des donn\u00e9es multim\u00e9dia et compression (CM, TD et TP).<\/li><\/ul>\n","protected":false},"excerpt":{"rendered":"<p>Universit\u00e9 Paris 13 \u2013 Institut Galil\u00e9e Formations en Licence, Master et Ing\u00e9nieur Ing\u00e9nieurs en instrumentations, deuxi\u00e8me et troisi\u00e8me ann\u00e9e Master Ing\u00e9nierie et Innovation en Images et R\u00e9seaux (3IR), premi\u00e8re et deuxi\u00e8me ann\u00e9e Licence2 Math\/Info de l\u2019institut-Galil\u00e9e&nbsp; Formation continue Institut de<a class=\"moretag\" href=\"https:\/\/www-l2ti.univ-paris13.fr\/~mokraoui\/teaching\/formations\/\"> Read More<\/a><\/p>\n","protected":false},"author":1,"featured_media":0,"parent":36,"menu_order":0,"comment_status":"closed","ping_status":"closed","template":"","meta":[],"_links":{"self":[{"href":"https:\/\/www-l2ti.univ-paris13.fr\/~mokraoui\/wp-json\/wp\/v2\/pages\/572"}],"collection":[{"href":"https:\/\/www-l2ti.univ-paris13.fr\/~mokraoui\/wp-json\/wp\/v2\/pages"}],"about":[{"href":"https:\/\/www-l2ti.univ-paris13.fr\/~mokraoui\/wp-json\/wp\/v2\/types\/page"}],"author":[{"embeddable":true,"href":"https:\/\/www-l2ti.univ-paris13.fr\/~mokraoui\/wp-json\/wp\/v2\/users\/1"}],"replies":[{"embeddable":true,"href":"https:\/\/www-l2ti.univ-paris13.fr\/~mokraoui\/wp-json\/wp\/v2\/comments?post=572"}],"version-history":[{"count":14,"href":"https:\/\/www-l2ti.univ-paris13.fr\/~mokraoui\/wp-json\/wp\/v2\/pages\/572\/revisions"}],"predecessor-version":[{"id":937,"href":"https:\/\/www-l2ti.univ-paris13.fr\/~mokraoui\/wp-json\/wp\/v2\/pages\/572\/revisions\/937"}],"up":[{"embeddable":true,"href":"https:\/\/www-l2ti.univ-paris13.fr\/~mokraoui\/wp-json\/wp\/v2\/pages\/36"}],"wp:attachment":[{"href":"https:\/\/www-l2ti.univ-paris13.fr\/~mokraoui\/wp-json\/wp\/v2\/media?parent=572"}],"curies":[{"name":"wp","href":"https:\/\/api.w.org\/{rel}","templated":true}]}}