{"id":435,"date":"2019-06-25T18:36:00","date_gmt":"2019-06-25T16:36:00","guid":{"rendered":"http:\/\/localhost\/wordpress\/?page_id=435"},"modified":"2024-02-15T16:55:18","modified_gmt":"2024-02-15T15:55:18","slug":"conferences-nationales","status":"publish","type":"page","link":"https:\/\/www-l2ti.univ-paris13.fr\/~mokraoui\/recherche\/publications\/conferences-nationales\/","title":{"rendered":"Conf\u00e9rences nationales"},"content":{"rendered":"\n<h2><strong>Articles de conf\u00e9rences nationales avec comit\u00e9 et actes<\/strong><\/h2>\n\n\n\n<p><\/p>\n\n\n\n<ul>\n<li>P. Le Jeune, A. Mokraoui. Extension de l\u2019intersection over union pour am\u00e9liorer la d\u00e9tection d\u2019objets de petite taille en r\u00e9gime d\u2019apprentissage few-shot. In\u00a0Proceedings of the Groupe de Recherche et d\u2019Etudes en Traitement du Signal et des Images (GRETSI), Grenoble, France, septembre 2023.<\/li>\n\n\n\n<li>B. Arezki,\u00a0F. Feng, \u00a0A. Mokraoui. Transformer-based image compression without positional encoding.\u00a0Proceedings of the COmpression et REpr\u00e9sentation des Signaux Audiovisuels (CORESA), mai 2023.<\/li>\n\n\n\n<li>P. Le Jeune and A. Mokraoui. Am\u00e9lioration de la d\u00e9tection d'objets few-shot \u00e0 travers une analyse de performances sur des images a\u00e9riennes et naturelles. In Proceedings of the Groupe de Recherche et d'Etudes  en Traitement du Signal et des Images (GRETSI), Nancy, France, du 6 au 9 septembre 2022. <\/li>\n\n\n\n<li>A. Ladaycia, A. Belouchrani, K. Abed-Meraimand A.Mokraoui. Algorithme EM efficace pour l'estimation semi-aveugle du canal MIMO-OFDM, procedings of the GRETSI Conferences, 26-29 aout 2019, Lille, France.<\/li>\n\n\n\n<li>O. Rekik, K. Abed-Meraim, A. Mokraoui and M. Nait-Meziane. Contribution \u00e0 l'estimation aveugle du canal de transmission dans les syst\u00e8mes SIMO non lin\u00e9aires, procedings of the GRETSI Conferences, 26-29 aout 2019, Lille, France.<\/li>\n\n\n\n<li>I. Kadri, G. Dauphin, A. Mokraoui and Z. Lachiri. Algorithme d'appariement de blocs bas\u00e9 sur l'optimisation de la compensation de disparit\u00e9 pour le codage d'image st\u00e9r\u00e9oscopique Compression et Repr\u00e9sentation des Signaux Audiovisuels, CORESA, 12-14 Novembre 2018, Poitiers, France.<\/li>\n\n\n\n<li>A. Ladaycia, A. Mokraoui, K. Abed-Meraim and A. Belouchrani. Estimation semi-aveugle du canal MIMO-OFDM, rocedings of the GRETSI Conferences, 5-8 septembre 2017, Juan-les-Pins, France.<\/li>\n\n\n\n<li>A. Kadaikar, G. Dauphin and A. Mokraoui. Estimation de cartes de disparit\u00e9 bas\u00e9e sur l'algorithme revisit\u00e9 d'appariement de blocs pour la compression d'images st\u00e9r\u00e9oscopiques. Procedings of the GRETSI Conferences, 8-11 septembre 2015, Lyon, France.<\/li>\n\n\n\n<li>A. Kadaikar, G. Dauphin andA. Mokraoui. M\u00e9thoded'optimisation pourl'appariement de pixels d'images st\u00e9r\u00e9oscopiques bas\u00e9e sur une m\u00e9trique conjointe entropie-distorsion Compression et Repr\u00e9sentation des Signaux Audiovisuels, CORESA, 26-27 Novembre 2014, Reims, France<\/li>\n\n\n\n<li>C.L. Nguyen, A. Mokraoui, P. Duhamel and N. Linh-Trung. <a href=\"http:\/\/www-l2ti.univ-paris13.fr\/~mokraoui\/Gretsi_version_longue_luong.pdf#%3E%3Cfont%20color=\">Algorithme conjoint de synchronisation temporelle et d'estimation de canal compatible avec la norme IEEE 802.11a<\/a>. Proccedings of the GRETSI Conferences, 3-6 septembre 2013, Brest, France.<\/li>\n\n\n\n<li>L.H. Fonteles, P. Duhamel and A. Mokraoui, <a href=\"http:\/\/www-l2ti.univ-paris13.fr\/~mokraoui\/Leonardo_version_soumise.pdf#%3E%3Cfont%20color=\">D\u00e9codage robuste de vid\u00e9os H.264 AVC vs SVC : r\u00e9duction de l'overhead et comparaison de performance<\/a>. Proccedings of the GRETSI Conferences, 3-6 septembre 2013, Brest, France.<\/li>\n\n\n\n<li>Z. Haddad, A. Beghdadi, A. Serir and A. Mokraoui. Compression d'images d'empreintes digitales avec contr\u00f4le de qualit\u00e9. Compression et Repr\u00e9sentation des Signaux Audiovisuels, CORESA, 24-25 Mai 2012, Lille.<\/li>\n\n\n\n<li>A. Mokraoui and P. Duhamel. Caract\u00e9ristiques op\u00e9rationnelles des d\u00e9codeurs robustes : application \u00e0 la r\u00e9ception de codes deflate. Proccedings of the GRETSI Conferences, 5-8 septembre 2011, Bordeaux, France.<\/li>\n\n\n\n<li>Z. Haddad, A. Beghdadi, A. Serir, and A. Mokraoui. Mesure de qualit\u00e9 d'image par approche multi\u00e9chelle multidirectionelle. Compression et Repr\u00e9sentation des Signaux Audiovisuels, CORESA, 26-27 Octobre 2010, Lyon.<\/li>\n\n\n\n<li>Z. Jaoua, A. Mokraoui-Zerga\u00efnoh and Pierre Duhamel. M\u00e9thode de d\u00e9codage robuste pour la transmission de flux html comprim\u00e9 via un lien mobile bruit\u00e9. Compression et Repr\u00e9sentation des Signaux Audiovisuels, CORESA, 18-20 mars 2009, Toulouse, France.<\/li>\n\n\n\n<li>Z. Jaoua, A. Mokraoui and P. Duhamel. R\u00e9cepteur robuste d'en-t\u00eates physiques du standard ieee 802.11n. Proccedings of the GRETSI Conferences, 8-11 septembre 2009, Dijon France.<\/li>\n\n\n\n<li>A. Zerga\u00efnoh and P. Duhamel. Organisation e\u2011cace des donn\u00e9es en m\u00e9moire pour un d\u00e9codage rapide d'images fixes. Journ\u00e9es d'\u00e9tudes et d'\u00e9changes sur la Compression et Repr\u00e9sentation des Signaux Audiovisuels CORESA, pages 204-208, 8-9 novembre 2007, Montpellier, France.<\/li>\n\n\n\n<li>Z. Jaoua, A. Zerga\u00efnoh and P. Duhamel Algorithme de d\u00e9codage s\u00e9quentiel de pages html comprim\u00e9es par lempel-ziv-77. Proccedings of the GRETSI Conferences, pages 497-500, 2007, Troyes, France.<\/li>\n\n\n\n<li>V. Mu\u00f1oz-Jimenez and A. Zerga\u00efnoh. Etude de maillage rectangulaire d\u00e9formable pour l'estimation de mouvement dans des s\u00e9quences vid\u00e9o. Compression et Repr\u00e9sentation des Signaux Audiovisuels, Novembre 2006.<\/li>\n\n\n\n<li>N. Chihab, A. Zerga\u00efnoh, P. Duhamel and J.P. Astruc. Bases orthonorm\u00e9es d'ondelettes splines lin\u00e9aires adapt\u00e9es \u00e0 une grille irr\u00e9guli\u00e8re. Proccedings of the GRETSI Conferences, 6-9 Septembre 2005, Louvain La Neuve, Belgique.<\/li>\n\n\n\n<li>N. Chihab, A. Zerga\u00efnoh and J.P. Astruc. Etude des fonctions b-splines non uniformes pour la reconstruction d'un signal discret \u00e0 partir d'un \u00e9chantillonnage irr\u00e9gulier. Proccedings of the GRETSI Conferences, Septembre 2003.<\/li>\n\n\n\n<li>F-Z.N. Nacer, A. Zerga\u00efnoh and A. Merigot. D\u00e9composition en quadtree de la DCT globale pour la compression des images. Journ\u00e9es d'\u00e9tudes et d'\u00e9changes sur la Compression et Repr\u00e9sentation des Signaux Audiovisuels, CORESA, pages 173-176, 12-13 novembre 2001, Dijon, France.<\/li>\n\n\n\n<li>A. Zerga\u00efnoh and J.-P. Astruc. Codeur bas\u00e9 sur le sous-\u00e9chantillonnage adaptatif des sous bandes de fr\u00e9quence pour la compression des images. Journ\u00e9es d'\u00e9tudes et d'\u00e9changes sur la Compression et Repr\u00e9sentation des Signaux Audiovisuels, CORESA, pages 337-344, 19-20 octobre 2000, Poitiers, France.<\/li>\n\n\n\n<li>A. Zerga\u00efnoh, S. Hadjihassan and J.-P. Astruc. Interpolation statistique \u00e0 partir d'un \u00e9chantillonnage irr\u00e9gulier pour la reconstruction d'images. Colloques sur le traitement du signal et des images, GRETSI, pages 411-414, 13-17 septembre 1999, Vannes, France.<\/li>\n\n\n\n<li>A. Zerga\u00efnoh and J.P. Vidal. Mod\u00e9lisation d'une architecture parall\u00e8le pour les algorithmes rapides de filtrage par blocs. Workshop sur le traitement du signal et ses applications, DSP, 18-20 october 1995, Palais des congr\u00e8s, France.<\/li>\n\n\n\n<li>A. Zerga\u00efnoh, P. Duhamel and J.P. Vidal. Algorithmes rapides de filtrage non r\u00e9cursifs par blocs : Compromis temps d'ex\u00e9cution - pr\u00e9cision num\u00e9rique des calculs. GRETSI, pages 1061-1064, 18-20 october 1995, Juan-Les-Pins, France.<\/li>\n\n\n\n<li>A. Zerga\u00efnoh, P. Duhamel and J.P. Vidal. Implantation e\u2011cace d'algorithmes rapides de filtrage RIF sur un processeur \"ADSP-2100\". Conf\u00e9rence Ad\u00e9quation Algorithmes Architectures, AAA Greco TDSI, AFCET, SEE, CNET, 1994, Grenoble, France.<\/li>\n<\/ul>\n","protected":false},"excerpt":{"rendered":"<p>Articles de conf\u00e9rences nationales avec comit\u00e9 et actes<\/p>\n","protected":false},"author":1,"featured_media":0,"parent":32,"menu_order":2,"comment_status":"closed","ping_status":"closed","template":"","meta":[],"_links":{"self":[{"href":"https:\/\/www-l2ti.univ-paris13.fr\/~mokraoui\/wp-json\/wp\/v2\/pages\/435"}],"collection":[{"href":"https:\/\/www-l2ti.univ-paris13.fr\/~mokraoui\/wp-json\/wp\/v2\/pages"}],"about":[{"href":"https:\/\/www-l2ti.univ-paris13.fr\/~mokraoui\/wp-json\/wp\/v2\/types\/page"}],"author":[{"embeddable":true,"href":"https:\/\/www-l2ti.univ-paris13.fr\/~mokraoui\/wp-json\/wp\/v2\/users\/1"}],"replies":[{"embeddable":true,"href":"https:\/\/www-l2ti.univ-paris13.fr\/~mokraoui\/wp-json\/wp\/v2\/comments?post=435"}],"version-history":[{"count":8,"href":"https:\/\/www-l2ti.univ-paris13.fr\/~mokraoui\/wp-json\/wp\/v2\/pages\/435\/revisions"}],"predecessor-version":[{"id":1060,"href":"https:\/\/www-l2ti.univ-paris13.fr\/~mokraoui\/wp-json\/wp\/v2\/pages\/435\/revisions\/1060"}],"up":[{"embeddable":true,"href":"https:\/\/www-l2ti.univ-paris13.fr\/~mokraoui\/wp-json\/wp\/v2\/pages\/32"}],"wp:attachment":[{"href":"https:\/\/www-l2ti.univ-paris13.fr\/~mokraoui\/wp-json\/wp\/v2\/media?parent=435"}],"curies":[{"name":"wp","href":"https:\/\/api.w.org\/{rel}","templated":true}]}}