{"id":42,"date":"2019-06-17T10:13:08","date_gmt":"2019-06-17T08:13:08","guid":{"rendered":"http:\/\/localhost\/wordpress\/?page_id=42"},"modified":"2022-12-18T18:18:56","modified_gmt":"2022-12-18T17:18:56","slug":"educational-responsibility","status":"publish","type":"page","link":"https:\/\/www-l2ti.univ-paris13.fr\/~mokraoui\/educational-responsibility\/","title":{"rendered":"Responsabilit\u00e9s collectives"},"content":{"rendered":"\n<h2> Re<strong>sponsabilit\u00e9s et mandats locaux<\/strong> <\/h2>\n\n\n\n<h4><strong>Conseils centraux de l\u2019universit\u00e9 Paris 13<\/strong><\/h4>\n\n\n\n<ul><li>Membre \u00e9lu du Comit\u00e9 d\u2019Expert (CE), section 61, depuis mars 2017 <\/li><li>Membre \u00e9lu de la Commission Recherche (CR) de mars 2016 \u00e0 novembre 2020<\/li><li>Membre du Conseil ACad\u00e9mique (CAC) restreint de mars 2016 \u00e0 novembre 2020<\/li><li>Membre du conseil de l\u2019Ecole Doctorale Galil\u00e9e depuis juin 2016 <\/li><li>Membre \u00e9lu du Conseil Scientifique (CS) de janvier 2012 \u00e0 ao\u00fbt 2013 <\/li><li>Membre de la commission d\u2019agr\u00e9ment de vacataires d\u2019avril 2012-2013 <\/li><li>Membre \u00e9lu du Comit\u00e9 d\u2019Expert (CE), section 61, de 2012-2013<\/li><li>Membre de la commission de sp\u00e9cialistes, section 61, de 2000-2004<\/li><\/ul>\n\n\n\n<h4>      <strong>Conseils de composante et laboratoire<\/strong><\/h4>\n\n\n\n<ul><li>Membre \u00e9lu du conseil de l'institut Galil\u00e9e depuis d\u00e9cembre 2021<\/li><li>Membre invit\u00e9 du conseil scientifique de l\u2019Institut Galil\u00e9e depuis d\u00e9cembre 2016<\/li><li>Membre du conseil scientifique de la FR Math-STIC depuis d\u00e9cembre 2016<\/li><li>Membre du bureau du d\u00e9partement de physique de l\u2019Institut Galil\u00e9e depuis d\u00e9cembre 2011<\/li><li> Membre du conseil de laboratoire du L2TI depuis janvier 2011  <\/li><\/ul>\n\n\n\n<h3>   <strong>Participation \u00e0 des comit\u00e9s de s\u00e9lection <\/strong><\/h3>\n\n\n\n<ul><li> Membre du comit\u00e9 de s\u00e9lection du poste de MCF 61 \u00e0 l'universit\u00e9 Paris 13, 18 avril, 10 mai 2019  <\/li><li>Pr\u00e9sidente  du comit\u00e9 de s\u00e9lection du poste  ATER 61\/63 \u00e0 l'universit\u00e9 Paris 13, 16 mai 2018.<\/li><li>Membre du comit\u00e9 de s\u00e9lection du poste de MCF 61 \u00e0 l'universit\u00e9 Paris-EST Cr\u00e9teil, mai 2018<\/li><li>Membre du comit\u00e9 de s\u00e9lection du poste de PR 26 \u00e0 l'universit\u00e9 Paris 8, 10 juillet 2018<\/li><li>Membre du comit\u00e9 de s\u00e9lection du poste MCF 27 \u00e0 l\u2019universit\u00e9 de Haute Alsace (Mulhouse), mai 2017<\/li><li>Pr\u00e9sidente du comit\u00e9 de s\u00e9lection des postes ATER 61\/63 \u00e0 l\u2019universit\u00e9 Paris 13, juin 2017<\/li><li>Membre du comit\u00e9 de s\u00e9lection  du poste MCF 61 \u00e0 l\u2019universit\u00e9 Paris-Est-Cr\u00e9teil, mai 2017<\/li><li>Membre du  comit\u00e9 de s\u00e9lection du poste MCF 27 \u00e0 l\u2019universit\u00e9 de Haute Alsace (Mulhouse), mai 2016<\/li><li>Pr\u00e9sidente du comit\u00e9 de s\u00e9lection des postes ATER 61\/63 \u00e0 l\u2019universit\u00e9 Paris 13, juin 2016 <\/li><li> Membre du  comit\u00e9 de s\u00e9lection  des postes ATER 61 et 61\/63 \u00e0 l\u2019universit\u00e9 Paris 13, juin 2015<\/li><li>Membre du  comit\u00e9 de s\u00e9lection  du poste professeur 27 \u00e0 l\u2019IUT de Dijon, mai 2015<\/li><li>Membre du  comit\u00e9 de s\u00e9lection des postes ATER 61\/63 \u00e0 l\u2019universit\u00e9 Paris 13, juin 2015<\/li><li>Pr\u00e9sidente du  comit\u00e9 de s\u00e9lection du poste MCF 27 \u00e0l'universit\u00e9 Paris 13, mai 2014<\/li><li>Membre expert du comit\u00e9 PES, section 61, en national, juin 2013<\/li><li>Membre de la commission de sp\u00e9cialiste des postes MCF 61 et 63, \u00e0 l\u2019universit\u00e9 Paris 13, mai 2004<\/li><li>Membre de la commission de sp\u00e9cialiste des postes MCF 30, 61, 63, \u00e0 l\u2019universit\u00e9 Paris 13, mai 2003<\/li><\/ul>\n\n\n\n<h3> P<strong>ilotage du projet HRS4R<\/strong> <\/h3>\n\n\n\n<ul><li>Pilotage du processus de labellisation europ\u00e9enne \u00ab HRS4R \u00bb (Human Resources Strategy for Researchers) qui vise \u00e0 am\u00e9liorer ses pratiques vis \u00e0 vis des recommandations de la charte europ\u00e9enne du chercheur et du code de conduite pour le recrutement des chercheurs (2016-2020).<\/li><\/ul>\n","protected":false},"excerpt":{"rendered":"<p>Responsabilit\u00e9s et mandats locaux Conseils centraux de l\u2019universit\u00e9 Paris 13 Membre \u00e9lu du Comit\u00e9 d\u2019Expert (CE), section 61, depuis mars 2017 Membre \u00e9lu de la Commission Recherche (CR) de mars 2016 \u00e0 novembre 2020 Membre du Conseil ACad\u00e9mique (CAC) restreint<a class=\"moretag\" href=\"https:\/\/www-l2ti.univ-paris13.fr\/~mokraoui\/educational-responsibility\/\"> Read More<\/a><\/p>\n","protected":false},"author":1,"featured_media":0,"parent":0,"menu_order":2,"comment_status":"closed","ping_status":"closed","template":"","meta":[],"_links":{"self":[{"href":"https:\/\/www-l2ti.univ-paris13.fr\/~mokraoui\/wp-json\/wp\/v2\/pages\/42"}],"collection":[{"href":"https:\/\/www-l2ti.univ-paris13.fr\/~mokraoui\/wp-json\/wp\/v2\/pages"}],"about":[{"href":"https:\/\/www-l2ti.univ-paris13.fr\/~mokraoui\/wp-json\/wp\/v2\/types\/page"}],"author":[{"embeddable":true,"href":"https:\/\/www-l2ti.univ-paris13.fr\/~mokraoui\/wp-json\/wp\/v2\/users\/1"}],"replies":[{"embeddable":true,"href":"https:\/\/www-l2ti.univ-paris13.fr\/~mokraoui\/wp-json\/wp\/v2\/comments?post=42"}],"version-history":[{"count":34,"href":"https:\/\/www-l2ti.univ-paris13.fr\/~mokraoui\/wp-json\/wp\/v2\/pages\/42\/revisions"}],"predecessor-version":[{"id":1007,"href":"https:\/\/www-l2ti.univ-paris13.fr\/~mokraoui\/wp-json\/wp\/v2\/pages\/42\/revisions\/1007"}],"wp:attachment":[{"href":"https:\/\/www-l2ti.univ-paris13.fr\/~mokraoui\/wp-json\/wp\/v2\/media?parent=42"}],"curies":[{"name":"wp","href":"https:\/\/api.w.org\/{rel}","templated":true}]}}